, -2*f - 988 = -2*r. What are the prime factors of (-2)/(-6) - r/(-15)?
3, 11
Suppose -44 = -o - r, 0*o - 2*o = -2*r - 80. Let l = 42 - o. Suppose -3*a + 4*m + 178 = l, -28 - 43 = -a - m. What are the prime factors of a?
2, 3, 11
Let l be (3/2)/((-6)/(-8)). Let d(c) = -2*c - 3*c + 1 - 5 + 26*c**2 - 6*c + 8*c. List the prime factors of d(l).
2, 47
Suppose -2*n = 5*v - 4, 0 = 5*n - 0*v + 4*v - 44. Let k(a) = -a**2 + 9*a + 16. Let c be k(n). Let m = 63 + c. What are the prime factors of m?
43
Suppose 2*x = -2*o + 8, 0*x - 2*x + 12 = 3*o. Let d = -10897 - -10901. Suppose x = 10*t - d*t - 468. What are the prime factors of t?
2, 3, 13
Let o(i) be the third derivative of 35*i**4/24 - 41*i**3/6 - 25*i**2. What are the prime factors of o(12)?
379
Let p(v) = 1613*v**2 - 5*v - 6. Let r be p(-1). Let u = r + -316. What are the prime factors of u?
2, 3
Let n(o) = o + 9. Let u be n(-6). Suppose -u*c = 6*c - 7326. What are the prime factors of c?
2, 11, 37
Let o(r) = 714*r**2 - 132*r - 4. List the prime factors of o(10).
2, 17519
Let f(h) = h**3 + 4*h**2 - 5*h - 5. Let c be f(-4). Let g = -15 + c. Suppose g = 3*u + 4*k - 113, 83 = 3*u + k - 3*k. List the prime factors of u.
31
Let l(n) = n**3 + 6*n**2 + 13*n + 13. Let a be l(-4). What are the prime factors of 5 + a + (991 - 11)?
2, 3, 163
What are the prime factors of 246 - -30*(-10)/60?
241
Let i(b) = 7*b**3 + 12*b**2 - 20*b - 15. Let g(n) = 8*n**3 + 13*n**2 - 22*n - 15. Let h(w) = 6*g(w) - 7*i(w). List the prime factors of h(-11).
2, 7, 19
Let m be 4 + -2 + -5 + 6. Suppose m*v + 3*r = 4*r + 1570, -2*v - 2*r + 1052 = 0. What are the prime factors of v?
2, 131
Suppose -3*p + 78 = 8*n - 5*n, n = -4*p + 11. Suppose -29*x = -n*x + 244. List the prime factors of x.
2, 61
Let i(o) = o**3 - 9*o**2 + 3*o - 5. Let d be i(8). Let s = d + 374. Suppose 3*b + 3*x - 113 = 2*b, -3*b = 4*x - s. List the prime factors of b.
107
Let v be (-3 + 4)/((-2)/162). Let y = v + 80. What are the prime factors of (4 + -3)*y/2*-242?
11
Let w(p) = -3*p**2 + 0*p**2 - 7*p**3 - 3*p + 3*p**2 - p**2 + 3. Let u be w(3). Let b = 295 + u. What are the prime factors of b?
7, 13
Let k = 142 - 133. Suppose -6*q + k*q - 21 = 0. What are the prime factors of q?
7
Let v(q) = -q**3 + 4*q**2 + 15*q + 15. Let c be v(-5). What are the prime factors of 2/(-10) + 69828/c?
3, 47
Let b(l) = 87 + l**2 + 3755*l**3 + l**2 - 3756*l**3. Suppose -2*d - 6 = -y + 4, -2*d - 10 = y. What are the prime factors of b(y)?
3, 29
Let s = 353 - -2202. Suppose -4*w = 683 - s. What are the prime factors of w?
2, 3, 13
Suppose -5*z - 19*z = 2*z - 83538. What are the prime factors of z?
3, 7, 17
Let i(f) = 680*f**2 + 66*f - 344. What are the prime factors of i(6)?
2, 6133
Suppose 15*m - 21 = 12*m. Let t(v) = 17*v - 28*v**3 - 19 - m*v**2 - 6*v**2 + 29*v**3. What are the prime factors of t(12)?
41
Suppose 392 = 35*r - 21*r. What are the prime factors of (-41622)/28*(-3 + r/12)?
991
Let q = -239 + 291. Let z(k) = -k - 7. Let o be z(-6). Let m = q - o. List the prime factors of m.
53
Let h(r) = -r**3 - 5*r**2 + 13*r + 30. Let s be h(-5). Let w(m) = -m**3 - 35*m**2 - 11*m - 84. List the prime factors of w(s).
7, 43
Let k = 136 + -133. Suppose -k*v + 128 = 95. List the prime factors of v.
11
Let a be (-7294)/30 + 32/240. List the prime factors of -1615*(a/45)/9.
3, 17, 19
Suppose 0 = -m + 11200 + 19910. List the prime factors of m.
2, 3, 5, 17, 61
Suppose 0 = -30*x - 295760 + 1758890. What are the prime factors of x?
3, 5419
Suppose -415104 + 697977 = 70*c - 1011707. What are the prime factors of c?
2, 7, 1321
Suppose -4*a = -y + 85, -y + a + 76 = -0*y. Suppose 5*q + 2*g - 441 = y, -4 = -2*g. Let n = -77 + q. List the prime factors of n.
5
Let y = -9 - -74. Suppose 8*n = -5*n + y. Suppose -2*x + 347 = -k, 3*k - k = -n*x + 854. List the prime factors of x.
2, 43
Let r(x) = -8*x - 5 + 0 - 16 - x. Let j be (-52)/12 + 11/33. List the prime factors of r(j).
3, 5
Let h(d) = -56*d - 51. Let c be h(-1). Suppose -3*u - 4*l + 6*l = -2332, -c*u = -l - 3896. List the prime factors of u.
2, 3, 5, 13
Let g = 86349 + -33913. What are the prime factors of g?
2, 13109
Let g = -2904 + 12892. List the prime factors of g.
2, 11, 227
What are the prime factors of 262 + -269 + (27003 - (0 + 1))?
5, 5399
What are the prime factors of (-8856650)/(-330) - (-8)/3?
3, 23, 389
Suppose -3*h - 2*q + 80647 = 0, -2*h + 2*q + 24336 = -29442. List the prime factors of h.
5, 19, 283
Let p = 0 - -4. Let o(v) = 5*v**2 - 4*v - 3. Let k be o(p). Suppose 0 = 57*s - k*s + 192. What are the prime factors of s?
2, 3
Let l = 30 + -30. Suppose l = -5*h + 3*u + 831 + 421, 0 = -4*u - 16. List the prime factors of h.
2, 31
Suppose 42*o + 1139679 = 243*o - 261090. List the prime factors of o.
3, 23, 101
Let o = -116 + -239. Let f = o - -572. List the prime factors of f/28 + 6/(-8).
7
Let j(f) = f**2 - 14*f - 26. List the prime factors of j(24).
2, 107
Let j(x) = -5*x**2 - 6 + 9*x**2 + 10*x**2 - 2*x + 4. Let c be j(3). Suppose -c - 440 = -3*g. What are the prime factors of g?
2, 3, 31
Suppose 3*h - 24051 = x, -14*x + 16*x - 32068 = -4*h. What are the prime factors of h?
8017
Suppose 5*c + 10 = -5. Let t be (-1)/c - (-10)/(-30). Suppose 3*d = 45 - t. What are the prime factors of d?
3, 5
Suppose -6*q + 840 = q. Suppose -2*v - v - 3*s + q = 0, -3*v + 120 = -3*s. Suppose 0 = -v*p + 38*p + 42. What are the prime factors of p?
3, 7
Let b(n) = 139*n - 9. Let y be b(1). Suppose y = 4*a - 382. What are the prime factors of a?
2
Suppose -2202 = -h - 5*h. Suppose -4*y + 679 = h. List the prime factors of y.
2, 3, 13
Let p = 6735 + 22474. What are the prime factors of p?
29209
Suppose -286*h + 18519 = -283*h. What are the prime factors of h?
6173
List the prime factors of 38866/4 - (-378)/108.
2, 3, 5
Let w = -5658 - -9671. What are the prime factors of w?
4013
Suppose 5*l + y - 3*y = -5, -5*l + 10 = -5*y. Let r be 90 - (l + 6/2). Let o = 16 + r. What are the prime factors of o?
2, 53
Suppose -37*y + 27*y - 16828 = -14*y. What are the prime factors of y?
7, 601
Let c = 557 + -229. Suppose -5*u + 7*u = c. List the prime factors of u.
2, 41
List the prime factors of ((-3121105)/6)/(-13) + 10/(-60).
2, 3, 13, 19
Let d(h) = -354*h**3 - h**2 - 2*h - 8. Let l(x) = -x**3 - 1. Let j(r) = d(r) - 6*l(r). What are the prime factors of j(-1)?
347
Let x = 20 - -5. Suppose 2*z + x = 7*z. Suppose -3*q + 656 = z*q. What are the prime factors of q?
2, 41
Let v(b) = -b**3 + b**2 + 64*b + 3. Let y be v(-8). Suppose 71*u - 2424 = y*u. List the prime factors of u.
2, 3, 101
Let z(l) = 680*l + 50. Let j(w) = 227*w + 18. Let s(u) = -17*j(u) + 6*z(u). What are the prime factors of s(1)?
5, 43
Let j = 19 - 2. Suppose j*i = 18*i - 13. Let p = i + -2. What are the prime factors of p?
11
Suppose 4 = 5*t + 9. Let j be (25 - -2) + (-2 - t). Let b = j - -12. List the prime factors of b.
2, 19
Suppose 3*c - 61130 = -3*g + 13921, 5*g = 5*c - 125165. List the prime factors of c.
5, 7, 11, 13
Let c be -14 - -14 - (1 + -7). Suppose -253*s + 4956 = -250*s. Suppose c*i + 398 = s. What are the prime factors of i?
11, 19
Let f = -2 + 0. List the prime factors of 5/f*(24836/(-70) - -12).
857
Let w = -75 - -72. Let n(r) be the first derivative of r**3/3 + 2*r**2 + 5*r - 3. What are the prime factors of n(w)?
2
Let r(l) = -131 - 101 + 58 - 99 - 152*l. What are the prime factors of r(-10)?
29, 43
Suppose 32 = 4*p + 4. Suppose 9 + 5 = p*j. Suppose 0 = j*h - 4*h + 116. List the prime factors of h.
2, 29
Let g(j) = 13*j - 3*j + 7*j + 120 - 196. List the prime factors of g(13).
5, 29
Let a(r) = -10*r - 68 - 124*r - 39*r. What are the prime factors of a(-3)?
11, 41
Let k = -16119 - -34253. What are the prime factors of k?
2, 9067
Suppose 0 = 4*y + 4*d - 31556, -110*d = 2*y - 105*d - 15793. What are the prime factors of y?
2, 3, 73
Suppose 0 = 4*n - 112*a + 115*a - 22555, -n + a = -5630. What are the prime factors of n?
5, 7, 23
Let d = 514 - 1122. Let v = d + 1. Let t = -311 - v. What are the prime factors of t?
2, 37
Let q(d) = 21*d**2 + 14*d - 34. Let t be (10/(-4))/(((-322)/(-28))/(-23)). What are the prime factors of q(t)?
3, 11, 17
List the prime factors of (-10 + 1)*(12060/(-4) + -32).
3, 11, 277
Suppose 0 = 6*m - m + 25. Let o(c) = c**3 + 5*c**2 - 2*c - 3. Let q be o(m). Suppose 